ne c(1).
-3
Let d(t) = -12*t - 7. Calculate d(-2).
17
Let p(z) = z**3 - 27*z**2 - 26*z - 35. What is p(28)?
21
Let h(x) = x + 23. Give h(3).
26
Let t(f) = -f**2 - 12*f - 13. Calculate t(-11).
-2
Let k(m) = m - 2. Determine k(-13).
-15
Let f(z) = -z**3 + 7*z**2 + z + 7. What is f(7)?
14
Let q(r) = 11*r + 65. Calculate q(-4).
21
Let i(c) = -2*c**2 + 14*c - 24. Determine i(5).
-4
Let r(l) = -l**3 - l**2 + 6*l + 3. Determine r(-5).
73
Let w(i) = i**2 + 48*i + 404. Determine w(-37).
-3
Let w(l) = -l**3 + 6*l**2 + 7*l + 3. What is w(7)?
3
Let n(s) = -s**3 + 5*s**2 - 2*s + 41. Give n(6).
-7
Let w(s) = s**3 + 9*s**2 - 7*s + 32. Calculate w(-10).
2
Let c(h) = -h**2 - 5*h + 2. What is c(-9)?
-34
Let u(m) = 6*m + 26. Determine u(-6).
-10
Let s(h) = 3*h**3 + 3*h**2 + 3*h + 1. Give s(-1).
-2
Let q(x) = 14*x - 41. Determine q(4).
15
Let p(b) = -3*b**3 + 4*b**2 + 2. Determine p(2).
-6
Let n(i) = -i**3 - 8*i**2 - 9*i - 14. Calculate n(-7).
0
Let f(z) = 12*z - 111. Determine f(10).
9
Let f(y) = y**2 + 18*y - 11. Calculate f(-15).
-56
Let w(c) = 2*c - 12. Determine w(7).
2
Let z(u) = u**2 - u - 13. Give z(6).
17
Let n(j) = -7*j - 2. What is n(1)?
-9
Let x(z) = 5*z**2 - 5. Determine x(-1).
0
Let x(l) = l**3 + 12*l**2 + 35*l + 147. Calculate x(-10).
-3
Let o(n) = 2*n**2 - 1. Give o(2).
7
Let m(b) = b**2 - 6*b - 21. What is m(7)?
-14
Let x(k) = k**2 - 180*k + 534. Give x(3).
3
Let m(c) = -7*c - 12. Give m(-6).
30
Let f(m) = -m**2 - 3. Calculate f(-5).
-28
Let i(t) = t + 29. Determine i(-26).
3
Let h(s) = -16*s - 214. Calculate h(-13).
-6
Let x(t) = t**3 + 4*t**2 - 14*t - 17. Determine x(-6).
-5
Let i(r) = -r**3 - 5*r**2 + 11*r + 10. Determine i(-7).
31
Let f(l) = -15*l**3 - l**2 - l - 1. Determine f(-1).
14
Let c(m) = -3*m + 103. Give c(32).
7
Let x(f) = -f**3 + f**2 + 3*f + 1. Calculate x(-3).
28
Let a(c) = -c**2 - 11*c + 15. Give a(-13).
-11
Let f(m) = m**3 - 4*m**2 - 2*m - 21. Determine f(5).
-6
Let t(r) = -2*r**3 + 2*r**2 + 2*r - 6. Give t(3).
-36
Let t(q) = -q**3 - q**2 - 2*q - 14. Determine t(0).
-14
Let y(f) = f + 10. Give y(-10).
0
Let f(i) = -4*i + 3. Calculate f(13).
-49
Let i(a) = a**3 - 4*a**2 - 7*a + 12. Calculate i(5).
2
Let d(f) = f**3 - 4*f**2 + 3*f + 5. Determine d(3).
5
Let l(o) = -o**2 + o - 2. Give l(-5).
-32
Let t(o) = -6*o**2 - 15*o + 18. Determine t(1).
-3
Let x(t) = t**3 - t**2 - 2*t - 8. What is x(4)?
32
Let c(g) = 27*g + 7. Calculate c(0).
7
Let l(n) = 11*n + 2. Determine l(-1).
-9
Let y(p) = -p - 10. Give y(-12).
2
Let o(f) = -2*f - 24. Give o(7).
-38
Let a(w) = -19*w + 1. What is a(-4)?
77
Let h(i) = i**3 + 22*i**2 + 22*i + 28. What is h(-21)?
7
Let v(y) = -y**2 - 4*y. Determine v(-8).
-32
Let j(f) = f**3 + 11*f**2 - 2*f - 13. Give j(-11).
9
Let l(u) = -u + 7. Determine l(-5).
12
Let a(j) = -28*j - 377. Determine a(-13).
-13
Let v(i) = 9*i - 13. Give v(7).
50
Let z(d) = -2*d**3 - d**2 + d - 6. Determine z(-3).
36
Let q(m) = 4*m + 1. What is q(4)?
17
Let v(m) = m**2 + 14*m + 1. Determine v(-15).
16
Let b(s) = -s**2 + 13*s - 2. Give b(-4).
-70
Let t(h) = -3*h - 11. Determine t(5).
-26
Let c(z) = z + 5. Calculate c(8).
13
Let v(u) = -10*u**3 - u**2 - u. Calculate v(-1).
10
Let n(v) = 2*v**3 - 27*v**2 - 78*v - 37. Determine n(16).
-5
Let w(n) = -n**2 - 13*n + 28. Calculate w(-15).
-2
Let p(t) = 4*t - 43. Give p(8).
-11
Let x(n) = -n**2 - 3*n + 9. Determine x(-4).
5
Let y(z) = 2*z + 38. Determine y(9).
56
Let f(j) = -3*j - 15. Determine f(-6).
3
Let w(r) = -r**3 - 3*r**2 - r + 2. Give w(-3).
5
Let w(y) = -y**2 - 3*y + 2. Give w(2).
-8
Let c(u) = -2*u**2 - 2*u - 2. Give c(-3).
-14
Let k(o) = -o**3 - 4*o**2 - o - 1. Give k(-5).
29
Let j(m) = m**3 + m**2 + 3*m - 5. Give j(-3).
-32
Let f(c) = 92*c - 8. Give f(0).
-8
Let v(f) = -f**3 + 4*f**2 - 6*f - 4. Determine v(6).
-112
Let w(l) = -2*l**2 - 9*l + 7. Determine w(-6).
-11
Let q(y) = -8*y**2 + y + 3. Give q(-1).
-6
Let s(j) = j**3 + 9*j**2 + 4*j + 10. What is s(-8)?
42
Let w(u) = u**2 - 3*u - 38. What is w(-6)?
16
Let d(b) = b**2 - 5*b - 1. What is d(2)?
-7
Let y(t) = t**3 - 13*t**2 - 34*t + 58. Give y(15).
-2
Let r(a) = -2*a**2 + 58*a + 126. Give r(31).
2
Let x(y) = 21*y**3 + y**2 + 4*y + 5. What is x(-1)?
-19
Let g(a) = -a**3 + 5*a**2 + 1. Determine g(5).
1
Let p(m) = -6*m**2 + m. Determine p(-2).
-26
Let p(g) = g**3 + 23*g**2 + 22*g + 13. Calculate p(-22).
13
Let h(g) = -g**3 - 14*g**2 + 50*g + 1. Determine h(-17).
18
Let l(y) = y**3 + 13*y**2 - 16*y. What is l(-14)?
28
Let d(u) = 5*u**3 - 2*u**2 - u + 2. Calculate d(1).
4
Let o(p) = 20*p - 19. Determine o(3).
41
Let b(p) = -p**2 + p. What is b(-11)?
-132
Let w(p) = -p**3 - 3*p**2 - 4*p + 5. Determine w(-4).
37
Let n(y) = -y**3 - 9*y**2 - 13*y + 5. Calculate n(-8).
45
Let y(b) = 2*b + 16. Calculate y(-11).
-6
Let j(c) = 2*c**2 - 2*c - 16. Give j(4).
8
Let o(q) = -2*q. Give o(5).
-10
Let f(t) = t**2 + 2*t - 16. Determine f(9).
83
Let k(m) = 3*m**2 + 7*m - 8. Determine k(-6).
58
Let q(u) = -u + 16. What is q(12)?
4
Let p(n) = -n**2 - 15*n - 29. Give p(-11).
15
Let h(u) = u**2 - 3*u + 5. Determine h(4).
9
Let k(b) = -b**3 + 9*b**2 - 22*b + 14. Determine k(6).
-10
Let a(r) = -2*r - 12. What is a(-11)?
10
Let f(h) = h**3 + 4*h**2 + 5*h + 3. Calculate f(-2).
1
Let p(j) = 4*j**2 + 3*j - 2. Determine p(-3).
25
Let a(j) = 16*j**3 - 2*j**2 + 2*j. Calculate a(1).
16
Let s(m) = m + 9. Give s(-9).
0
Let t(f) = -f**2 - 8*f + 13. Calculate t(-10).
-7
Let d(i) = i**3 - 47*i**2 - 7*i + 325. Determine d(47).
-4
Let m(v) = -2*v**2 + 5*v - 2. What is m(-5)?
-77
Let p(q) = -q**3 - 23*q**2 - 56*q + 65. What is p(-20)?
-15
Let u(c) = 5*c - 6. Determine u(0).
-6
Let s(c) = c**3 - c**2 - c + 2. Determine s(3).
17
Let j(y) = 35*y + 1. Calculate j(0).
1
Let g(h) = -h**3 + 15*h**2 + 18*h - 19. What is g(16)?
13
Let j(p) = -3*p - 7. What is j(-8)?
17
Let b(x) = 51*x + 219. Determine b(-6).
-87
Let c(h) = -h**2 - 11*h + 196. Give c(-20).
16
Let o(u) = -6*u - 19. Give o(14).
-103
Let m(h) = h**3 - 6*h**2 - 5*h + 17. Give m(6).
-13
Let u(d) = d**3 - 7*d**2 + 10*d - 15. Determine u(5).
-15
Let y(p) = -2*p + 24. Calculate y(10).
4
Let c(t) = -t**3 - 39*t**2 + 83*t + 36. Give c(-41).
-5
Let i(k) = -5*k - 22. Determine i(-7).
13
Let v(j) = j**3 - 26*j**2 + 27*j - 37. What is v(25)?
13
Let x(u) = u**3 + 33*u**2 - u - 22. What is x(-33)?
11
Let m(c) = -c**3 - 14*c**2 - 3*c - 17. Give m(-14).
25
Let b(l) = -l**2 + 15*l - 6. Give b(6).
48
Let p(z) = -4*z**3 - z**2 + 4*z + 3. Give p(-2).
23
Let s(c) = c**3 + 8*c**2 - 2*c + 61. Calculate s(-9).
-2
Let k(s) = -s**3 - 3*s**2 - s - 11. Determine k(-3).
-8
Let b(h) = -2*h + 4. Determine b(-1).
6
Let t(y) = -2*y**2 + 17*y + 14. What is t(10)?
-16
Let n(k) = -k**3 + 14*k**2 - 16*k + 26. Give n(13).
-13
Let s(u) = 20*u + 29. Determine s(-1).
9
Let m(t) = t**2 - 49*t + 138. Calculate m(45).
-42
Let l(j) = -18*j + 93. Calculate l(6).
-15
Let q(u) = -u**3 + 5*u**2 - 3*u + 6. What is q(4)?
10
Let j(k) = -2*k**2 + 6*k + 10. Determine j(8).
-70
Let a(x) = -5*x**2 + 5*x - 9. Determine a(2).
-19
Let f(q) = q - 6. Determine f(4).
-2
Let u(y) = y**2 - 2*y - 17. Calculate u(-9).
82
Let h(b) = b**2 - 16*b + 5. Give h(10).
-55
Let n(i) = -i**2 - 6. Determine n(5).
-31
Let v(o) = -7*o**2 - o - 1. What is v(-1)?
-7
Let i(a) = -a**3 + 7*a**2 - 2*a - 8. Give i(6).
16
Let n(y) = -y**2 + 8*y - 9. Calculate n(10).
-29
Let h(j) = 26*j - 578. Calculate h(22).
-6
Let w(l) = -2*l**3 + 14*l**2 - 7*l + 9. Determine w(6).
39
Let z(h) = h**2 - 10*h - 5. Calculate z(8).
-21
Let m(y) = 16*y + 381. Give m(-24).
-3
Let k(x) = -x**3 - 2*x**2 + 6*x - 1. What is k(-3)?
-10
Let p(s) = -s**2 + 7*s + 8. What is p(8)?
0
Let g(d) = 15*d + 42. What is g(-4)?
-18
Let x(r) = -8*r + 1. Calculate x(-2).
17
Let b(j) = 2*j + 31. Determine b(-8).
15
Let a(v) = v**3 - 9*v**2 - 9*v - 2. What is a(10)?
8
Let y(o) = o**2 - 6*o - 3. Give y(6).
-3
Let t(s) = -s + 4. Calculate t(5).
-1
Let q(b) = -2*b**2 - 23*b + 8. Determine q(-12).
-4
Let w(d) = -d**3 + 4*d**2 + 14*d - 9. Determine w(6).
3
Let z(o) = 57*o + 4. Give z(-1).
-53
Let r(g) = -3*g**2 - 10*g - 9. Give r(-6).
-57
Let r(z) = z**3 + 3*z**2 - 4*z - 9. Calculate r(-4).
-9
Let r(w) = -2*w**3 - 3*w**2 + 4. Determine r(-3).
31
Let i(b) = -3*b**2 - 4*b - 1. What is i(2)?
-21
Let k(w) = 28*w**3 + 2*w**2 - 2*w + 1. Determine k(1).
29
Let 